2 + -2?
3, 5, 293
Suppose 59*g + 420952 = 115*g. List the prime factors of g.
7517
Suppose -6*c + 4 = -32. Suppose 1305 - 423 = c*b. Suppose h = -4*a + a + b, -5*a - 15 = 0. List the prime factors of h.
2, 3, 13
Let m(s) = 314*s - 2. Let v be m(3). Suppose x - 486 = -2*n - 31, -4*n + 4*x + v = 0. List the prime factors of n.
2, 5, 23
Let q(v) = -3*v**2 + 24*v + 24. Let m be q(-24). Let r be 1/(-5) - (m/25)/6. Suppose x = r*x - 2674. What are the prime factors of x?
191
Let p = 14378 + 4088. List the prime factors of p.
2, 7, 1319
Suppose -3*w = -3*y + 63, -y - w + 4*w + 23 = 0. Suppose 0 = -n + y*n - 2888. List the prime factors of n.
2, 19
Suppose 4*q + 2*r - 6114 = -0*q, -2*q = 5*r - 3061. Let s = 2625 - q. What are the prime factors of s?
1097
Let f be (-4)/9 - (-27832)/(-72). Let q = -96 - f. What are the prime factors of q?
3, 97
Let p = 329 - 314. Suppose 2*w + 5*u - 1147 = 0, p*w - 12*w = 3*u + 1731. List the prime factors of w.
2, 3
Let p(u) = 1275*u + 3*u**3 - 1274*u + 2 - 1 + 3*u**2 - u**3. What are the prime factors of p(4)?
181
What are the prime factors of (-2)/3*(-2)/(12/273942)?
2, 3, 19, 89
Suppose 53*t + 12 = 56*t. Suppose 2*o - 28 = t*o - 4*f, -o - 4*f = -4. List the prime factors of o*((-129)/12 - -2).
2, 5, 7
Suppose 5*a + 11456 = 3*h, -2*h - 1183 + 8829 = a. List the prime factors of h.
2, 3, 7, 13
Let o be (7*22/385)/(1/(-30)). List the prime factors of (-11571)/o + -1*9/36.
2, 241
Suppose a + 1 = 6, -2*b = -2*a + 6. Let s(h) = 15*h + 0 - 48 - 5*h + 2*h + 3*h**b. List the prime factors of s(-11).
3, 61
Suppose 55 = 5*g - 2*q + 8, -2*g = -q - 19. Suppose -g*u - 24 = -12*u. Suppose 2*p = u, -2*o + 476 - 200 = 5*p. What are the prime factors of o?
2
Let d(y) = 3*y**2 + 29*y - 30. Suppose -9*b = -3*b + 78. Let a be d(b). Suppose w - 47 = -0*u + u, 0 = -2*w - u + a. List the prime factors of w.
7
List the prime factors of (22 + -23)/(2/(-13) - 102039/(-663507)).
3, 53, 107
Let n(t) = -t**2 - 10*t - 13. Let g be n(-8). Suppose -g*x + 5*x - 74 = 0. Suppose -331 + x = -3*j. List the prime factors of j.
2, 7
Suppose -375*n = -347*n - 318388. List the prime factors of n.
83, 137
Let l(j) = 187*j + 55. Let u be l(11). Suppose 4*c - u = -4*r, -4*c + 3*c + 513 = 4*r. List the prime factors of c.
13, 41
List the prime factors of ((-1)/(5/24))/(756561/34390 + -22).
2, 3, 181
Let i = 15 - 44. Let n = i + 14. What are the prime factors of (-7)/(-35) - 972/n?
5, 13
Let b be (2/4)/(1/4). Suppose -40 = -b*o - 36. List the prime factors of o/((-3)/3) + 253.
251
Let t = -12004 + 19475. List the prime factors of t.
31, 241
Suppose 4*m - 20 = 4*s, -m + 3 = -3*s - 6. Let w be 355 + (-9)/m + 4. Suppose 34*n = 32*n + w. List the prime factors of n.
2, 89
List the prime factors of 190/(699/(-70) - -10).
2, 5, 7, 19
Let x(l) = -l**3 + 88*l**2 + 106*l + 1469. List the prime factors of x(87).
2, 5, 11, 83
Let i(z) = -33*z - 1. Let a be i(-2). Let m be (-13)/26 + 158/4. Let r = a - m. List the prime factors of r.
2, 13
Let m be (-4202 + -1)/((-21)/14). Let v be m/10 + 7/(-35). Suppose 74*p - 79*p + v = 0. List the prime factors of p.
2, 7
Let m = 8115 + -3397. List the prime factors of m.
2, 7, 337
Suppose 7*v - 13*v = o - 1076, -3*v = -o - 544. Let r(c) = -58*c + 2. Let i be r(2). Let s = i + v. What are the prime factors of s?
2, 3, 11
Suppose 0 = -2*p + 4*y - 50 - 50, -p - 5*y = 36. Suppose -3*j - 101 - 130 = 0. Let r = p - j. What are the prime factors of r?
31
Suppose -113 + 505 = 2*s. Suppose 2*h = -0*h - s. Let z = -67 - h. List the prime factors of z.
31
Suppose 3*r = 2*a - 13591, 54*a - 33967 = 49*a - 3*r. What are the prime factors of a?
2, 43, 79
Suppose -9*m - 78896 = -25*m. Suppose -16*q + m = -11741. What are the prime factors of q?
2, 521
Suppose 0*n - 24*n = 2*n. Suppose w = -5*z + 2275, -3*z - w = -n*w - 1367. What are the prime factors of z?
2, 227
Let f = -40 - -44. Let p = -111 - -219. Suppose f*h - p = 168. What are the prime factors of h?
3, 23
Let o = 1 - 1. Suppose 0 = -4*m - 9*x + 4*x + 41, -3 = -2*m + x. Suppose o = -2*i + 3*n + 4, -6*n - 21 = -5*i - m*n. What are the prime factors of i?
5
Suppose -2*y + 2132 + 2016 = 2*t + 498, 0 = -4*y. List the prime factors of t.
5, 73
Suppose 12*a + 55*a = 555615 + 222925. What are the prime factors of a?
2, 5, 7, 83
Suppose 1323414 - 174615 + 118194 = 221*x. What are the prime factors of x?
3, 7, 13
Suppose 2*t + 0*t - 3*t = 0. Suppose -4*c = z + z + 10, t = c + 2*z + 1. List the prime factors of (c - (-3)/5)*-65.
2, 3, 13
Let z be (-3331 + -9)/(2 + -3). Suppose -4*r - 6*r = -z. What are the prime factors of r?
2, 167
Let y = -213 + 253. Suppose -5*w = -4*g - 363, w - 60 = g + 31. Let q = y - g. List the prime factors of q.
2, 3, 11
Let a(v) = -142*v - 31. Let l(w) = 142*w + 29. Let p(b) = -7*a(b) - 6*l(b). What are the prime factors of p(3)?
7, 67
Suppose 4*a - 6*a + 800 = 0. Let w = a - -47. List the prime factors of w.
3, 149
Let b(i) = -7*i**3 - 7*i - 2. Let j(s) = -6*s + 21. Let t be j(4). Let q be b(t). Suppose -6*g + q = -506. List the prime factors of g.
7, 17
Let s = -205 - -204. Let g(j) = 11*j**2 - 2*j. List the prime factors of g(s).
13
Let f(o) = 9*o**3 - 3*o**2 + 2*o + 7. Let b be 4/(24/45)*(-12)/(-18). Let h(z) = -2*z + 13. Let q be h(b). List the prime factors of f(q).
229
Let r = -31 + -99. Let a = 143 + r. What are the prime factors of a?
13
Suppose -61236 = 20*r - 185776. What are the prime factors of r?
13, 479
Let x(j) = -j**3 + 2*j + 14. Let v be x(-8). Let n be (8/(-10))/(4/v). What are the prime factors of (2 + 7)*7/((-63)/n)?
2, 3, 17
Let c = 117 + -72. What are the prime factors of 6/(-10) - ((-22662)/c + 12)?
491
Let t be (24 - 19) + 1/(-1). Suppose 3*q + 6*q = t*q. Suppose 0*k - 125 = -5*j + 2*k, q = -j + 2*k + 33. What are the prime factors of j?
23
Let c(b) = -194 - 100*b + 388 - 162. What are the prime factors of c(-4)?
2, 3
Suppose 3*f - 14327 = -5*k, 2*f - 8*k - 9566 = -4*k. List the prime factors of f.
3, 59
Suppose 312*h - 565553 = 48332 + 1980707. What are the prime factors of h?
2, 3, 7, 11
Let x = -23 + 25. Let z(q) = 85*q**2 - 2*q + 5. List the prime factors of z(x).
11, 31
List the prime factors of (59997/(-15 - -8))/(-3).
2857
Let o be -54*2/(-3)*1. Suppose -o*b + 33*b = -2919. What are the prime factors of b?
7, 139
Let i(f) be the second derivative of -5*f**5/4 + 11*f**4/12 + f**3/2 + 2*f**2 + 170*f. What are the prime factors of i(-2)?
2, 11
Let m be 0/((-48)/26 + (-4)/26). Suppose m = 6*q - 208 - 122. What are the prime factors of q?
5, 11
Suppose 6*q + 124 = 4*k + 2*q, -4*q = 12. List the prime factors of ((-17)/(476/72))/((-2)/k).
2, 3
List the prime factors of 49037 + (-72)/(-27)*36/48.
19, 29, 89
Suppose -2*r = -8, -4*r = -2*k - 6*r - 244. Let z = k + 249. What are the prime factors of z?
3, 41
List the prime factors of (-20957706)/(-891) - (-14)/(-9).
2, 3, 5, 7
Let c(k) = 1516*k - 3362. What are the prime factors of c(10)?
2, 17, 347
List the prime factors of (1 - (-102)/(-18))/(4/(-144)).
2, 3, 7
Let n = 41217 + -19470. List the prime factors of n.
3, 11, 659
Let b = -36 + 29. Let s(y) = -y**3 - 6*y**2 + 4*y - 16. Let p be s(b). Suppose 4*v + 2*o + o = 92, -2*o = -p*v + 115. What are the prime factors of v?
23
Suppose -9522 = -4*r + 1074. Let k be 8/(-20) + r/(-15). Let y = -104 - k. What are the prime factors of y?
73
Let p(v) be the second derivative of 7*v**4/6 + 7*v**3/6 - 9*v**2/2 + 6*v. Let t be p(3). Suppose 5*i - 458 = -t. What are the prime factors of i?
2
Let u(l) be the first derivative of l**2 + 92*l + 54. List the prime factors of u(-13).
2, 3, 11
Suppose 0 = 3*l + 5*n + 152, 0 = -l + 3*l - 4*n + 116. Let q be (4/6)/(12/l). What are the prime factors of (-1)/((-9)/582)*q/(-2)?
97
Let p(l) = -l**3 + 9*l**2 + 27*l - 50. Let f be p(11). Suppose 0 = -f*i + 4*v + v + 5455, 5*i - 5467 = v. What are the prime factors of i?
2, 547
Let x be 4*((-28)/(-8) + -3). Suppose -54 = -0*g - 2*g - x*i, 3*i = 5*g - 95. List the prime factors of g*(11/3 - 5/(-15)).
2, 11
Let w = -586 - -2692. Suppose -158*q + w = -156*q. What are the prime factors of q?
3, 13
What are the prime factors of (-304690)/(-7) + 30/(-406) + (-304)/4408?
3, 11, 1319
What are the prime factors of (-1)/((-3)/37612*(-10)/(-15))?
2, 9403
Let y(q) be the first derivativ